.
-2
1 + (8 - 2) - 1
6
-31 + 17 - -11 - (-2 + -1)
0
What is 3 + -5 + 1 + 2 + 2?
3
Calculate 2 + (5 - (13 - 6)).
0
Evaluate -1 + (-3 - 5) + 5.
-4
-2 + 3 - 2 - (-9 + 8)
0
Calculate 5 + -5 - 3 - 4 - -2.
-5
What is the value of (-3 - -2) + 0 + -5 + 12?
6
Evaluate 1 + (-4 + 1 - -2) + 4.
4
-1 + 2 + (-4 - -5)
2
What is -1 - (1 - 1 - (-5 + 3))?
-3
What is the value of -4 - -16 - (1 - -7)?
4
Evaluate 1 + 0 + -3 + 8.
6
What is 12 - (-6 + 12) - 7?
-1
((-4 - -9) + -12 - -2) + 0
-5
Calculate -6 + (9 - -1 - -3).
7
Calculate -3 - (3 + 2 - 7).
-1
(12 - 15) + (5 - 0)
2
What is the value of 0 + (-4 - 0) - (-49 + 52)?
-7
What is the value of -5 - (-4 - (-8 + 5))?
-4
4 - 0 - (-10 - -15)
-1
Evaluate (3 + -2 - (3 - 5)) + 0.
3
What is the value of (-9 - -1) + (-4 - (1 + -8))?
-5
6 + -8 + 2 + 5
5
Calculate (1 - 8) + 2 + (7 - 1).
1
What is 12 - ((4 - 3) + 3) - 3?
5
Evaluate 8 + (-12 + 0 - -1).
-3
What is -2 + -7 + 8 + (1 - 5)?
-5
Calculate -2 + (-4 - (5 - 9)) + 3.
1
Evaluate 6 - (-7 - -14) - 0.
-1
Calculate 1 - (1 + 5 - (2 - -2)).
-1
-25 + 33 - (4 - -3)
1
Calculate (4 - 6) + (6 - 3).
1
Evaluate 11 - 7 - 9 - -8.
3
What is -4 + -7 + 7 - (-2 - 2)?
0
Evaluate 3 + 2 - (-2 - -9).
-2
19 + -19 - (1 + -2)
1
Evaluate -15 - (-3 + 5 + -8) - 0.
-9
What is the value of (-3 - 0) + (14 - (-3 - -11))?
3
1 + -17 + 2 + 12
-2
-2 + -2 - (-8 - 0)
4
Calculate -2 + -1 - (-12 + 11).
-2
-6 - (-4 + -9 + -3 + 9)
1
What is the value of 1 + 3 - (-4 + 5 - 0)?
3
Evaluate 8 + 2 + 0 + -7.
3
What is 0 - (-3 + (6 - (-4 - -5)))?
-2
2 - (1 - -2 - 0) - 0
-1
What is 2 - ((5 - 2) + 1 + 0)?
-2
(-3 - 10) + (-4 - -24)
7
Evaluate 5 - (2 + 0 + 5).
-2
(7 - 7) + (0 - 3)
-3
Evaluate -7 - (4 - (-5 + 1 + 8)).
-7
Calculate 11 - (5 - (-6 - -4) - 6).
10
What is the value of (0 - 2) + 8 - (-12 + 14)?
4
-9 + 10 + (0 - 5)
-4
4 - 5 - (1 + -6)
4
What is the value of 9 - (2 - 4) - 12?
-1
What is (-3 - (-8 - -4)) + -6 - -6?
1
What is the value of 2 + (-3 - 1) + 6 - 5?
-1
(-2 - (1 + -4)) + (-2 - -4)
3
What is 0 + (1 - -2) + -5 + 3?
1
What is the value of -24 - -26 - (5 - 11)?
8
Calculate (15 - (4 - -3)) + 0.
8
Calculate (3 - 3) + (-5 - (-5 - 1)).
1
What is the value of (3 - (3 + -3)) + 0?
3
Calculate 6 - (1 - (-2 - -2)).
5
What is the value of 0 - (0 + (-1 - -3))?
-2
Evaluate -34 - (-5 - 19) - (0 + -5).
-5
3 + -4 + 1 + 3
3
What is (0 - 1) + 8 - (1 + 1)?
5
Calculate -6 + 9 + -13 + 15.
5
What is 13 + -9 + (2 - 5)?
1
What is 2 + (6 - (-2 + 15))?
-5
4 + -11 - (-12 - -5)
0
(-8 + 9 - 0) + -7
-6
Calculate -5 + -6 + 7 + 3 - -2.
1
Calculate 2 + -3 + (-1 - -5) - 1.
2
Evaluate -1 - -2 - (41 + -42).
2
Evaluate -12 + -2 - (-20 - 0).
6
What is the value of 5 + -4 + 2 + (2 - 4)?
1
What is -1 + (3 - -1 - -1 - 3)?
1
6 + -2 + -3 - (-5 - -2)
4
Evaluate (-2 - -5) + -4 - (-1 + -3).
3
Calculate -5 + 2 - -2 - (5 + -2).
-4
What is 3 - 7 - (-1 + -7 + 2)?
2
Calculate 1 - -6 - (177 + -164).
-6
What is (0 + 4 - 3) + -5 + 0?
-4
Calculate 5 + (-8 + 2 - (3 - 3)).
-1
What is the value of -1 + 4 - (-7 + 7)?
3
Evaluate -8 - (-5 - (17 + -8)).
6
-1 + -3 + -2 + 2 + 1
-3
What is the value of 74 - 75 - (-9 - 0)?
8
What is (0 - -21) + -10 + -7?
4
What is the value of 9 + -9 + 0 + -1?
-1
Evaluate 9 + 1 + 193 + -194.
9
Evaluate (3 - (5 + -5)) + -6.
-3
What is 1 + -1 + (-2 - 0) + -2?
-4
-8 + 9 + (-5 - -2)
-2
What is -6 - (-1 + -2 - 5)?
2
-6 - -2 - (3 - 2)
-5
What is the value of -1 - (6 - 2 - (31 - 34))?
-8
(7 + -8 - -5) + 2 - 7
-1
What is the value of (-13 - -12) + (-1 + 0 - -3)?
1
-11 + 11 + -2 + (0 - 0)
-2
Evaluate -4 + (3 + 3 - 4).
-2
What is the value of (1 - -3) + (9 - (-9 + 21))?
1
What is the value of (12 - 5 - 3) + -2?
2
What is the value of 2 - ((5 - 1) + 2)?
-4
Evaluate 4 + 18 + -7 - 7.
8
0 + (-1 - 1) + 3
1
(2 - -2) + (-4 - 3) - 2
-5
What is the value of -6 + (0 - -17) + -9?
2
(-6 + -5 - -4) + 3
-4
Calculate (8 - 10) + -2 + 3 + 1.
0
What is -1 + (3 + (8 - 18) - -13)?
5
Calculate 3 - (4 - 1) - 1.
-1
What is the value of 4 + -5 + (12 - 8)?
3
Calculate (6 - (10 - 1)) + (0 - -3).
0
What is the value of -7 + (4 - -5) - 2?
0
(-6 - (1 - 17)) + -5
5
Evaluate 1 - (0 - -3 - 0).
-2
What is the value of (-1 - (3 + (-5 - -3))) + 7?
5
Evaluate -1 - (-4 - -1) - (-6 - -11).
-3
(-3 + 1 - -1) + (4 - 2)
1
What is the value of -2 + -2 + (-6 - (6 - 14))?
-2
What is -1 - (-5 + 4 + 11)?
-11
3 + 1 + -2 - 1
1
What is the value of 7 + -9 + 4 - -1?
3
What is 1 + -4 + 2 + -1?
-2
What is the value of 11 - (7 - 1 - 3 - -2)?
6
Evaluate 9 - ((0 - 1) + 6).
4
Calculate 3 + (-11 - -4 - -4) - -2.
2
Calculate -1 + -6 + (-4 - -13).
2
Calculate -203 + 192 + (0 - -18).
7
4 - (7 - 18 - -20)
-5
What is -7 + (14 - 9 - -9)?
7
-5 + -7 + (2 - (5 + -8))
-7
What is the value of -2 - (-3 + 3 - (2 - 1))?
-1
What is -2 - (-2 - (-4 - -4))?
0
Calculate (-2 - -11) + (1 + 2 - 7).
5
Calculate (-2 - -1) + 5 + -13 + 4.
-5
(11 - 6) + -3 - 6
-4
1 + 1 + -1 + -1 + 4
4
Evaluate -15 - -20 - (1 + -3 + 3).
4
What is 2 + -2 - (-1 - (3 - 7))?
-3
Calculate 13 + (-2 - (-13 + 31)).
-7
Calculate (-2 - 1) + (-4 - -1) - -2.
-4
Evaluate -10 + 3 + 1 + 2.
-4
What is 0 + -5 + (-6 - (-6 + -11))?
6
-85 + 95 - (-2 + (-1 - -8))
5
What is 4 - (4 - (3 + -2 + 4))?
5
What is the value of 1 - (-2 + 2 - (12 + -6))?
7
Evaluate -4 + 0 + -2 - (-21 - -19).
-4
6 + -3 + -2 + 9
10
(4 + -1 - 4) + -2
-3
3 + (2 - (4 - 4))
5
What is (-8 - -3) + (-2 - -5)?
-2
Evaluate (0 - -1) + -12 + -3 + 10.
-4
What is -12 - ((1 - 7) + -4)?
-2
Calculate 5 - (-2 - -2) - 8.
-3
(5 - (-5 - -16)) + 4
-2
What is the value of -1 + (2 - 5) - -1 - 1?
-4
What is the value of -2 + 0 + -1 + -2 + 1?
-4
4 + 9 + -1 + -5
7
What is the value of 3 + -3 + 6 + -3?
3
What is (-4 + 2 + 2 - 5) + 1?
-4
What is the value of -1 + 3 + -1 + 0?
1
Evaluate 3 + (-4 - -5 - 3 - 3).
-2
What is the value of (-4 - -7 - -1) + -5?
-1
What is the value of (3 - -7 - 3) + 2?
9
What is 7 - 9 - (-2 - -1)?
-1
Evaluate 2 - (0 - -4) - (-2 + 1).
-1
Calculate (4 - 6) + (-1 - (-1 + 0)).
-2
Calculate (1 - 2) + (2 + 0 - 5).
-4
3 + (0 + 5 - 5 - 6)
-3
1 - (-1 + 2 - (4 - 2))
2
What is the value of (-1 + 4 - -1) + -4?
0
Calculate -6 + (1 - 1) + (-44 - -40).
-10
What is 2 + -8 + 14 - 5?
3
What is the value of 10 + -5 + (5 - 4)?
6
Evaluate (-1 - (12 - 6)) + 0.
-7
What is the value of (-1 - (4 - 4 - 0)) + -5?
-6
Evaluate (2 - (-2 - -2)) + 2.
4
What is -4 - (-5 + (-4 - -2))?
3
Calculate 0 + -1 + 1 + 1 + -3.
-2
(4 + -2 - 3) + 6 + -9
-4
Calculate (-3 - ((2 - -2) + -5)) + 1.
-1
What is the value of 4 + 0 + 0 - (10 + -15)?
9
2 - (2 + 1 - -1)
-2
Calculate -1 + 4 - 1 - (19 + -16).
-1
3 - 7 - (-16 - -4) - 2
6
Calculate -4 - (1 - 0 - 0).
-5
Calculate 4 + (-1 - 5) + 0.
-2
What is the value of -3 - (-14 + -1 + 9)?
3
Calculate (-8 - (-20 - -7)) + 1 + -5.
1
What is the value of (-2 - (-12 - -10)) + 8?
8
What is (-2 - -3) + -3 + 3?
1
What is the value of (4 - 10) + 0 - -3?
-3
Calculate -2 + 12 + -6 + 1.
5
(-10 - -1) + -5 + -13 + 21
-6
-2 + (2 - -1) + -4
-3
What is (5 - -2 - 12) + 0 + 11?
6
Evaluate 5 - ((17 - 14) + -9).
11
Calculate -3 + 1 - (6 - 2).
-6
What is -1 + 1 - (3 + 3 + -11)?
5
What is 4 - ((-13 - -17) + -1 + -2)?
3
4 + -1 + -4 + 5
4
Evaluate (-15 - -5) + 11 - (3 - -1).
-3
What is -14 + (13 - 8) + 10?
1
Evaluate 6 + -1 - (4 - 1).
2
-6 + (-7 - -5) + 6
-2
What is the value of 0 + 0 + 2 - (-160 - -158)?
4
Evaluate -4 - (-4 + 3 - (12 + -4)).
5
What is the value of -5 + 10 + -13 + 13?
5
Evaluate -3 - -1 - (0 - 0).
-2
Calculate (5 - (-3 - 1)) + -2 - 0.
7
Evaluate -3 - ((4 - -2) + -4).
-5
What is the value of -1 - -3 - (-10 - -3 - -7)?
2
What is the value of (3 - 0) + -4 + 0 - -4?
3
Calculate 3 + -4 + 0 - 3.
-4
Calculate (-7 - -1) + (-5 + 15 - 2).
2
What is 1 + -1 + -2 + -8 + 13?
3
What is -1 + (0 - 3 - (-16 + 9))?
3
What is the value of (1 - 2) + (3 - -3)?
5
What is the value of (-6 - 9) + 9 - -1?
-5
Calculate 3 + (-4 - -1 - -5).
5
-10 + 7 + -1 - -12
8
Evaluate (4 + -1 - (10 + 1)) + 3.
-5
What is 4 + 6 + -17 + -1?
-8
What is the value of -2 + 3 + -3 + (-2 - -8)?
4
Evaluate (1 - -4) + -2 - (-1 + 5).
-1
What is -6 - -1 - (2 - 5)?
-2
Evaluate -6 - 2 - (2 - 9).
-1
8 - (9 + 6) - -5
-2
Evaluate 4 - 6 - -12 - 4.
6
Evaluate (-7 - -9) + -3 + 4 + -5.
-2
What is 4 + 5 + (5 - 16)?
-2
What is the value of 2 + -8 + -3 + 6?
-3
(-5 - -2) + 0 - (5 + -6)
-2
What is (21 - 27) + -1 + 7?
0
What is the value of -9 + 6 - -3 - 11?
-11
Calculate 0 + 1 - -1 - 5